{"id":164,"date":"2014-12-28T18:29:46","date_gmt":"2014-12-28T18:29:46","guid":{"rendered":"http:\/\/freilassing-logopaedie.de\/?page_id=164"},"modified":"2018-09-29T10:54:46","modified_gmt":"2018-09-29T10:54:46","slug":"stotternpoltern","status":"publish","type":"page","link":"https:\/\/freilassing-logopaedie.de\/?page_id=164","title":{"rendered":"Stottern\/Poltern"},"content":{"rendered":"<h3 style=\"text-align: left;\">Zu den Redeflussst\u00f6rungen geh\u00f6ren:<\/h3>\n<h4><span style=\"color: #99cc00;\"><strong>Stottern:\u00a0<\/strong><\/span><\/h4>\n<p style=\"padding-left: 30px;\">Wiederholungen <em>(z. B. &#8222;Blu-Blu-Blume&#8220;)<\/em>, Dehnungen <em>(z.B. &#8222;Ffffffisch&#8220;)<\/em> und Blockierungen <em>(Steckenbleiben z.B. An<strong>k<\/strong>er)<\/em> beim Sprechen.<\/p>\n<h4><strong><span style=\"color: #99cc00;\">Poltern:\u00a0<\/span><\/strong><\/h4>\n<p style=\"padding-left: 30px; text-align: justify;\">Das Sprechtempo ist sehr schnell und\/oder unregelm\u00e4\u00dfig. Dabei werden Laute, Silben, W\u00f6rter oder Phrasen ausgelassen, verschmelzt oder anderweitig ver\u00e4ndert. Das Sprechen wird dadurch schwer verst\u00e4ndlich.<\/p>\n","protected":false},"excerpt":{"rendered":"<p>Zu den Redeflussst\u00f6rungen geh\u00f6ren: Stottern:\u00a0 Wiederholungen (z. B. &#8222;Blu-Blu-Blume&#8220;), Dehnungen (z.B. &#8222;Ffffffisch&#8220;) und Blockierungen (Steckenbleiben z.B. Anker) beim Sprechen. Poltern:\u00a0 Das Sprechtempo ist sehr schnell und\/oder unregelm\u00e4\u00dfig. Dabei werden Laute, Silben, W\u00f6rter oder Phrasen ausgelassen, verschmelzt oder anderweitig ver\u00e4ndert. Das Sprechen wird dadurch schwer verst\u00e4ndlich.<\/p>\n","protected":false},"author":1,"featured_media":0,"parent":114,"menu_order":0,"comment_status":"closed","ping_status":"closed","template":"","meta":{"footnotes":""},"class_list":["post-164","page","type-page","status-publish","hentry"],"_links":{"self":[{"href":"https:\/\/freilassing-logopaedie.de\/index.php?rest_route=\/wp\/v2\/pages\/164","targetHints":{"allow":["GET"]}}],"collection":[{"href":"https:\/\/freilassing-logopaedie.de\/index.php?rest_route=\/wp\/v2\/pages"}],"about":[{"href":"https:\/\/freilassing-logopaedie.de\/index.php?rest_route=\/wp\/v2\/types\/page"}],"author":[{"embeddable":true,"href":"https:\/\/freilassing-logopaedie.de\/index.php?rest_route=\/wp\/v2\/users\/1"}],"replies":[{"embeddable":true,"href":"https:\/\/freilassing-logopaedie.de\/index.php?rest_route=%2Fwp%2Fv2%2Fcomments&post=164"}],"version-history":[{"count":5,"href":"https:\/\/freilassing-logopaedie.de\/index.php?rest_route=\/wp\/v2\/pages\/164\/revisions"}],"predecessor-version":[{"id":684,"href":"https:\/\/freilassing-logopaedie.de\/index.php?rest_route=\/wp\/v2\/pages\/164\/revisions\/684"}],"up":[{"embeddable":true,"href":"https:\/\/freilassing-logopaedie.de\/index.php?rest_route=\/wp\/v2\/pages\/114"}],"wp:attachment":[{"href":"https:\/\/freilassing-logopaedie.de\/index.php?rest_route=%2Fwp%2Fv2%2Fmedia&parent=164"}],"curies":[{"name":"wp","href":"https:\/\/api.w.org\/{rel}","templated":true}]}}