{"id":1307,"date":"2026-02-16T12:22:25","date_gmt":"2026-02-16T12:22:25","guid":{"rendered":"https:\/\/freilassing-logopaedie.de\/?page_id=1307"},"modified":"2026-02-16T12:24:38","modified_gmt":"2026-02-16T12:24:38","slug":"mutismus","status":"publish","type":"page","link":"https:\/\/freilassing-logopaedie.de\/?page_id=1307","title":{"rendered":"Mutismus"},"content":{"rendered":"\n<p>Mutismus ist eine Kommunikationsst\u00f6rung, bei welcher die Betroffenen trotz vorhandener Sprachf\u00e4higkeit nicht oder nur in gewissen Kontexten (z.B. nur in der Familie) sprechen. <\/p>\n\n\n\n<p>Diese Angstst\u00f6rung bedarf dringend einer Therapie. Dabei gibt es logop\u00e4dische, psychotherapeutische und systemische Therapieans\u00e4tze.<\/p>\n\n\n\n<p>Ich habe bereits viel Erfahrung in der Therapie mutistischer Kinder sammeln k\u00f6nnen und bilde mich dabei stetig fort. Dabei lasse ich zur logop\u00e4dischen Therapie auch musiktherapeutische Ans\u00e4tze einflie\u00dfen. Zudem ist mir eine authentischer und ehrlicher Kontakt zu den betroffenen Kindern sehr wichtig, sodass eine vertrauensvolle Ebene geschaffen werden kann, in welcher die Kinder Selbstsicherheit aufbauen k\u00f6nnen.<\/p>\n","protected":false},"excerpt":{"rendered":"<p>Mutismus ist eine Kommunikationsst\u00f6rung, bei welcher die Betroffenen trotz vorhandener Sprachf\u00e4higkeit nicht oder nur in gewissen Kontexten (z.B. nur in der Familie) sprechen. Diese Angstst\u00f6rung bedarf dringend einer Therapie. Dabei gibt es logop\u00e4dische, psychotherapeutische und systemische Therapieans\u00e4tze. Ich habe bereits viel Erfahrung in der Therapie mutistischer Kinder sammeln k\u00f6nnen und bilde mich dabei stetig fort. [&hellip;]<\/p>\n","protected":false},"author":2,"featured_media":0,"parent":0,"menu_order":0,"comment_status":"closed","ping_status":"closed","template":"","meta":{"footnotes":""},"class_list":["post-1307","page","type-page","status-publish","hentry"],"_links":{"self":[{"href":"https:\/\/freilassing-logopaedie.de\/index.php?rest_route=\/wp\/v2\/pages\/1307","targetHints":{"allow":["GET"]}}],"collection":[{"href":"https:\/\/freilassing-logopaedie.de\/index.php?rest_route=\/wp\/v2\/pages"}],"about":[{"href":"https:\/\/freilassing-logopaedie.de\/index.php?rest_route=\/wp\/v2\/types\/page"}],"author":[{"embeddable":true,"href":"https:\/\/freilassing-logopaedie.de\/index.php?rest_route=\/wp\/v2\/users\/2"}],"replies":[{"embeddable":true,"href":"https:\/\/freilassing-logopaedie.de\/index.php?rest_route=%2Fwp%2Fv2%2Fcomments&post=1307"}],"version-history":[{"count":2,"href":"https:\/\/freilassing-logopaedie.de\/index.php?rest_route=\/wp\/v2\/pages\/1307\/revisions"}],"predecessor-version":[{"id":1310,"href":"https:\/\/freilassing-logopaedie.de\/index.php?rest_route=\/wp\/v2\/pages\/1307\/revisions\/1310"}],"wp:attachment":[{"href":"https:\/\/freilassing-logopaedie.de\/index.php?rest_route=%2Fwp%2Fv2%2Fmedia&parent=1307"}],"curies":[{"name":"wp","href":"https:\/\/api.w.org\/{rel}","templated":true}]}}