{"id":1259,"date":"2026-01-29T21:13:47","date_gmt":"2026-01-29T21:13:47","guid":{"rendered":"https:\/\/freilassing-logopaedie.de\/?page_id=1259"},"modified":"2026-01-29T21:35:11","modified_gmt":"2026-01-29T21:35:11","slug":"anmeldung-erwachsene","status":"publish","type":"page","link":"https:\/\/freilassing-logopaedie.de\/?page_id=1259","title":{"rendered":"Anmeldung Erwachsene"},"content":{"rendered":"<style id=\"wpforms-css-vars-1261-block-a4940145-9254-4745-a37b-3fc16797de23\">\n\t\t\t\t#wpforms-1261.wpforms-block-a4940145-9254-4745-a37b-3fc16797de23 {\n\t\t\t\t--wpforms-field-size-input-height: 43px;\n--wpforms-field-size-input-spacing: 15px;\n--wpforms-field-size-font-size: 16px;\n--wpforms-field-size-line-height: 19px;\n--wpforms-field-size-padding-h: 14px;\n--wpforms-field-size-checkbox-size: 16px;\n--wpforms-field-size-sublabel-spacing: 5px;\n--wpforms-field-size-icon-size: 1;\n--wpforms-label-size-font-size: 16px;\n--wpforms-label-size-line-height: 19px;\n--wpforms-label-size-sublabel-font-size: 14px;\n--wpforms-label-size-sublabel-line-height: 17px;\n--wpforms-button-size-font-size: 17px;\n--wpforms-button-size-height: 41px;\n--wpforms-button-size-padding-h: 15px;\n--wpforms-button-size-margin-top: 10px;\n\t\t\t}\n\t\t\t<\/style><div class=\"wpforms-container wpforms-container-full wpforms-block wpforms-block-a4940145-9254-4745-a37b-3fc16797de23 wpforms-render-modern\" id=\"wpforms-1261\"><form id=\"wpforms-form-1261\" class=\"wpforms-validate wpforms-form wpforms-ajax-form\" data-formid=\"1261\" method=\"post\" enctype=\"multipart\/form-data\" action=\"\/index.php?rest_route=%2Fwp%2Fv2%2Fpages%2F1259\" data-token=\"31c5eb6531fd547e8d0ec572e670bc2e\" data-token-time=\"1778076129\"><noscript class=\"wpforms-error-noscript\">Bitte aktiviere JavaScript in deinem Browser, um dieses Formular fertigzustellen.<\/noscript><div id=\"wpforms-error-noscript\" style=\"display: none;\">Bitte aktiviere JavaScript in deinem Browser, um dieses Formular fertigzustellen.<\/div><div class=\"wpforms-field-container\">\t\t<div id=\"wpforms-1261-field_3-container\"\n\t\t\tclass=\"wpforms-field wpforms-field-text\"\n\t\t\tdata-field-type=\"text\"\n\t\t\tdata-field-id=\"3\"\n\t\t\t>\n\t\t\t<label class=\"wpforms-field-label\" for=\"wpforms-1261-field_3\" >beschreiben Bitte mit<\/label>\n\t\t\t<input type=\"text\" id=\"wpforms-1261-field_3\" class=\"wpforms-field-medium\" name=\"wpforms[fields][3]\" >\n\t\t<\/div>\n\t\t<div id=\"wpforms-1261-field_1-container\" class=\"wpforms-field wpforms-field-name\" data-field-id=\"1\"><fieldset><legend class=\"wpforms-field-label\">Angaben zur Person <span class=\"wpforms-required-label\" aria-hidden=\"true\">*<\/span><\/legend><div class=\"wpforms-field-row wpforms-field-medium\"><div class=\"wpforms-field-row-block wpforms-first wpforms-one-half\"><input type=\"text\" id=\"wpforms-1261-field_1\" class=\"wpforms-field-name-first wpforms-field-required\" name=\"wpforms[fields][1][first]\" aria-errormessage=\"wpforms-1261-field_1-error\" required><label for=\"wpforms-1261-field_1\" class=\"wpforms-field-sublabel after\">Vorname<\/label><\/div><div class=\"wpforms-field-row-block wpforms-one-half\"><input type=\"text\" id=\"wpforms-1261-field_1-last\" class=\"wpforms-field-name-last wpforms-field-required\" name=\"wpforms[fields][1][last]\" aria-errormessage=\"wpforms-1261-field_1-last-error\" required><label for=\"wpforms-1261-field_1-last\" class=\"wpforms-field-sublabel after\">Nachname<\/label><\/div><\/div><\/fieldset><\/div><div id=\"wpforms-1261-field_7-container\" class=\"wpforms-field wpforms-field-number\" data-field-id=\"7\"><label class=\"wpforms-field-label\" for=\"wpforms-1261-field_7\">Geburtsdatum <span class=\"wpforms-required-label\" aria-hidden=\"true\">*<\/span><\/label><input type=\"number\" id=\"wpforms-1261-field_7\" class=\"wpforms-field-medium wpforms-field-required\" name=\"wpforms[fields][7]\" step=\"any\" aria-errormessage=\"wpforms-1261-field_7-error\" required><\/div><div id=\"wpforms-1261-field_8-container\" class=\"wpforms-field wpforms-field-name\" data-field-id=\"8\"><fieldset><legend class=\"wpforms-field-label\">Name der Kontaktperson (falls Sie eine\/n Angeh\u00f6rige\/n anmelden)<\/legend><div class=\"wpforms-field-row wpforms-field-medium\"><div class=\"wpforms-field-row-block wpforms-first wpforms-one-half\"><input type=\"text\" id=\"wpforms-1261-field_8\" class=\"wpforms-field-name-first\" name=\"wpforms[fields][8][first]\" aria-errormessage=\"wpforms-1261-field_8-error\" ><label for=\"wpforms-1261-field_8\" class=\"wpforms-field-sublabel after\">Vorname<\/label><\/div><div class=\"wpforms-field-row-block wpforms-one-half\"><input type=\"text\" id=\"wpforms-1261-field_8-last\" class=\"wpforms-field-name-last\" name=\"wpforms[fields][8][last]\" aria-errormessage=\"wpforms-1261-field_8-last-error\" ><label for=\"wpforms-1261-field_8-last\" class=\"wpforms-field-sublabel after\">Nachname<\/label><\/div><\/div><\/fieldset><\/div><div id=\"wpforms-1261-field_4-container\" class=\"wpforms-field wpforms-field-text\" data-field-id=\"4\"><label class=\"wpforms-field-label\" for=\"wpforms-1261-field_4\">Telefonnummer <span class=\"wpforms-required-label\" aria-hidden=\"true\">*<\/span><\/label><input type=\"text\" id=\"wpforms-1261-field_4\" class=\"wpforms-field-medium wpforms-field-required\" name=\"wpforms[fields][4]\" aria-errormessage=\"wpforms-1261-field_4-error\" required><\/div><div id=\"wpforms-1261-field_2-container\" class=\"wpforms-field wpforms-field-email\" data-field-id=\"2\"><label class=\"wpforms-field-label\" for=\"wpforms-1261-field_2\">E-Mail-Adresse<\/label><input type=\"email\" id=\"wpforms-1261-field_2\" class=\"wpforms-field-medium\" name=\"wpforms[fields][2]\" spellcheck=\"false\" aria-errormessage=\"wpforms-1261-field_2-error\" ><\/div><div id=\"wpforms-1261-field_9-container\" class=\"wpforms-field wpforms-field-checkbox\" data-field-id=\"9\"><fieldset><legend class=\"wpforms-field-label\">Versicherungsstatus <span class=\"wpforms-required-label\" aria-hidden=\"true\">*<\/span><\/legend><ul id=\"wpforms-1261-field_9\" class=\"wpforms-field-required\"><li class=\"choice-1 depth-1\"><input type=\"checkbox\" id=\"wpforms-1261-field_9_1\" name=\"wpforms[fields][9][]\" value=\"Gesetzlich versichert\" aria-errormessage=\"wpforms-1261-field_9_1-error\" aria-describedby=\"wpforms-1261-field_9-description\" required ><label class=\"wpforms-field-label-inline\" for=\"wpforms-1261-field_9_1\">Gesetzlich versichert<\/label><\/li><li class=\"choice-2 depth-1\"><input type=\"checkbox\" id=\"wpforms-1261-field_9_2\" name=\"wpforms[fields][9][]\" value=\"Privat versichert\" aria-errormessage=\"wpforms-1261-field_9_2-error\" aria-describedby=\"wpforms-1261-field_9-description\" required ><label class=\"wpforms-field-label-inline\" for=\"wpforms-1261-field_9_2\">Privat versichert<\/label><\/li><li class=\"choice-3 depth-1\"><input type=\"checkbox\" id=\"wpforms-1261-field_9_3\" name=\"wpforms[fields][9][]\" value=\"Selbstzahler\" aria-errormessage=\"wpforms-1261-field_9_3-error\" aria-describedby=\"wpforms-1261-field_9-description\" required ><label class=\"wpforms-field-label-inline\" for=\"wpforms-1261-field_9_3\">Selbstzahler<\/label><\/li><li class=\"choice-4 depth-1\"><input type=\"checkbox\" id=\"wpforms-1261-field_9_4\" name=\"wpforms[fields][9][]\" value=\"In \u00d6sterreich versichert\" aria-errormessage=\"wpforms-1261-field_9_4-error\" aria-describedby=\"wpforms-1261-field_9-description\" required ><label class=\"wpforms-field-label-inline\" for=\"wpforms-1261-field_9_4\">In \u00d6sterreich versichert<\/label><\/li><\/ul><div id=\"wpforms-1261-field_9-description\" class=\"wpforms-field-description\">Hinweis f\u00fcr Privatversicherte: Falls Sie nicht gesetzlich versichert sind, kl\u00e4ren Sie bitte vorab mit Ihrer Krankenkasse, ob und in welchem Umfang die Behandlungskosten \u00fcbernommen werden. Nach der Rechnungsstellung ist eine nachtr\u00e4gliche \u00c4nderung des Versichertenstatus nicht mehr m\u00f6glich. <\/div><\/fieldset><\/div><div id=\"wpforms-1261-field_21-container\" class=\"wpforms-field wpforms-field-checkbox\" data-field-id=\"21\"><fieldset><legend class=\"wpforms-field-label\">M\u00f6gliche Terminzeiten (Bitte geben Sie alle m\u00f6glichen Zeiten an) <span class=\"wpforms-required-label\" aria-hidden=\"true\">*<\/span><\/legend><ul id=\"wpforms-1261-field_21\" class=\"wpforms-field-required\"><li class=\"choice-1 depth-1\"><input type=\"checkbox\" id=\"wpforms-1261-field_21_1\" name=\"wpforms[fields][21][]\" value=\"Montag Vormittag\" aria-errormessage=\"wpforms-1261-field_21_1-error\" required ><label class=\"wpforms-field-label-inline\" for=\"wpforms-1261-field_21_1\">Montag Vormittag<\/label><\/li><li class=\"choice-2 depth-1\"><input type=\"checkbox\" id=\"wpforms-1261-field_21_2\" name=\"wpforms[fields][21][]\" value=\"Montag Nachmittag\" aria-errormessage=\"wpforms-1261-field_21_2-error\" required ><label class=\"wpforms-field-label-inline\" for=\"wpforms-1261-field_21_2\">Montag Nachmittag<\/label><\/li><li class=\"choice-3 depth-1\"><input type=\"checkbox\" id=\"wpforms-1261-field_21_3\" name=\"wpforms[fields][21][]\" value=\"Dienstag Vormittag\" aria-errormessage=\"wpforms-1261-field_21_3-error\" required ><label class=\"wpforms-field-label-inline\" for=\"wpforms-1261-field_21_3\">Dienstag Vormittag<\/label><\/li><li class=\"choice-4 depth-1\"><input type=\"checkbox\" id=\"wpforms-1261-field_21_4\" name=\"wpforms[fields][21][]\" value=\"Dienstag Nachmittag\" aria-errormessage=\"wpforms-1261-field_21_4-error\" required ><label class=\"wpforms-field-label-inline\" for=\"wpforms-1261-field_21_4\">Dienstag Nachmittag<\/label><\/li><li class=\"choice-5 depth-1\"><input type=\"checkbox\" id=\"wpforms-1261-field_21_5\" name=\"wpforms[fields][21][]\" value=\"Mittwoch Vormittag\" aria-errormessage=\"wpforms-1261-field_21_5-error\" required ><label class=\"wpforms-field-label-inline\" for=\"wpforms-1261-field_21_5\">Mittwoch Vormittag<\/label><\/li><li class=\"choice-6 depth-1\"><input type=\"checkbox\" id=\"wpforms-1261-field_21_6\" name=\"wpforms[fields][21][]\" value=\"Mittwoch Nachmittag\" aria-errormessage=\"wpforms-1261-field_21_6-error\" required ><label class=\"wpforms-field-label-inline\" for=\"wpforms-1261-field_21_6\">Mittwoch Nachmittag<\/label><\/li><li class=\"choice-7 depth-1\"><input type=\"checkbox\" id=\"wpforms-1261-field_21_7\" name=\"wpforms[fields][21][]\" value=\"Donnerstag Vormittag\" aria-errormessage=\"wpforms-1261-field_21_7-error\" required ><label class=\"wpforms-field-label-inline\" for=\"wpforms-1261-field_21_7\">Donnerstag Vormittag<\/label><\/li><li class=\"choice-8 depth-1\"><input type=\"checkbox\" id=\"wpforms-1261-field_21_8\" name=\"wpforms[fields][21][]\" value=\"Donnerstag Nachmittag\" aria-errormessage=\"wpforms-1261-field_21_8-error\" required ><label class=\"wpforms-field-label-inline\" for=\"wpforms-1261-field_21_8\">Donnerstag Nachmittag<\/label><\/li><li class=\"choice-9 depth-1\"><input type=\"checkbox\" id=\"wpforms-1261-field_21_9\" name=\"wpforms[fields][21][]\" value=\"Freitag Vormittag\" aria-errormessage=\"wpforms-1261-field_21_9-error\" required ><label class=\"wpforms-field-label-inline\" for=\"wpforms-1261-field_21_9\">Freitag Vormittag<\/label><\/li><li class=\"choice-10 depth-1\"><input type=\"checkbox\" id=\"wpforms-1261-field_21_10\" name=\"wpforms[fields][21][]\" value=\"Freitag Nachmittag\" aria-errormessage=\"wpforms-1261-field_21_10-error\" required ><label class=\"wpforms-field-label-inline\" for=\"wpforms-1261-field_21_10\">Freitag Nachmittag<\/label><\/li><\/ul><\/fieldset><\/div><div id=\"wpforms-1261-field_11-container\" class=\"wpforms-field wpforms-field-radio\" data-field-id=\"11\"><fieldset><legend class=\"wpforms-field-label\">Grund der Anmeldung <span class=\"wpforms-required-label\" aria-hidden=\"true\">*<\/span><\/legend><ul id=\"wpforms-1261-field_11\" class=\"wpforms-field-required\"><li class=\"choice-1 depth-1\"><input type=\"radio\" id=\"wpforms-1261-field_11_1\" name=\"wpforms[fields][11]\" value=\"Schlucken (z.B. Dysphagie nach einem Schlaganfall oder bei neurologischen Erkrankung)\" aria-errormessage=\"wpforms-1261-field_11_1-error\" required ><label class=\"wpforms-field-label-inline\" for=\"wpforms-1261-field_11_1\">Schlucken (z.B. Dysphagie nach einem Schlaganfall oder bei neurologischen Erkrankung)<\/label><\/li><li class=\"choice-3 depth-1\"><input type=\"radio\" id=\"wpforms-1261-field_11_3\" name=\"wpforms[fields][11]\" value=\"Sprache (z.B. Aphasie, Wortfindungsprobleme)\" aria-errormessage=\"wpforms-1261-field_11_3-error\" required ><label class=\"wpforms-field-label-inline\" for=\"wpforms-1261-field_11_3\">Sprache (z.B. Aphasie, Wortfindungsprobleme)<\/label><\/li><li class=\"choice-8 depth-1\"><input type=\"radio\" id=\"wpforms-1261-field_11_8\" name=\"wpforms[fields][11]\" value=\"Dysarthrie (Sprechen und Stimme durch neurologische Grunderkrankung beeintr\u00e4chtigt)\" aria-errormessage=\"wpforms-1261-field_11_8-error\" required ><label class=\"wpforms-field-label-inline\" for=\"wpforms-1261-field_11_8\">Dysarthrie (Sprechen und Stimme durch neurologische Grunderkrankung beeintr\u00e4chtigt)<\/label><\/li><li class=\"choice-2 depth-1\"><input type=\"radio\" id=\"wpforms-1261-field_11_2\" name=\"wpforms[fields][11]\" value=\"Sprechen (Stottern, Poltern)\" aria-errormessage=\"wpforms-1261-field_11_2-error\" required ><label class=\"wpforms-field-label-inline\" for=\"wpforms-1261-field_11_2\">Sprechen (Stottern, Poltern)<\/label><\/li><li class=\"choice-4 depth-1\"><input type=\"radio\" id=\"wpforms-1261-field_11_4\" name=\"wpforms[fields][11]\" value=\"Stimme (z.B. Stimmlippenl\u00e4hmungen oder funktionelle Stimmst\u00f6rungen)\" aria-errormessage=\"wpforms-1261-field_11_4-error\" required ><label class=\"wpforms-field-label-inline\" for=\"wpforms-1261-field_11_4\">Stimme (z.B. Stimmlippenl\u00e4hmungen oder funktionelle Stimmst\u00f6rungen)<\/label><\/li><li class=\"choice-5 depth-1\"><input type=\"radio\" id=\"wpforms-1261-field_11_5\" name=\"wpforms[fields][11]\" value=\"Stottern (Wiederholungen, Dehnungen)\" aria-errormessage=\"wpforms-1261-field_11_5-error\" required ><label class=\"wpforms-field-label-inline\" for=\"wpforms-1261-field_11_5\">Stottern (Wiederholungen, Dehnungen)<\/label><\/li><li class=\"choice-6 depth-1\"><input type=\"radio\" id=\"wpforms-1261-field_11_6\" name=\"wpforms[fields][11]\" value=\"Trachealkan\u00fcle\" aria-errormessage=\"wpforms-1261-field_11_6-error\" required ><label class=\"wpforms-field-label-inline\" for=\"wpforms-1261-field_11_6\">Trachealkan\u00fcle<\/label><\/li><li class=\"choice-7 depth-1\"><input type=\"radio\" id=\"wpforms-1261-field_11_7\" name=\"wpforms[fields][11]\" value=\"Stimmtransition f\u00fcr trans*, inter* und queere Menschen\" aria-errormessage=\"wpforms-1261-field_11_7-error\" required ><label class=\"wpforms-field-label-inline\" for=\"wpforms-1261-field_11_7\">Stimmtransition f\u00fcr trans*, inter* und queere Menschen<\/label><\/li><\/ul><\/fieldset><\/div><div id=\"wpforms-1261-field_12-container\" class=\"wpforms-field wpforms-field-text\" data-field-id=\"12\"><label class=\"wpforms-field-label\" for=\"wpforms-1261-field_12\">Bitte beschreiben Sie die Symptome so ausf\u00fchrlich wie m\u00f6glich, gerne mit Beispielen. <\/label><input type=\"text\" id=\"wpforms-1261-field_12\" class=\"wpforms-field-medium\" name=\"wpforms[fields][12]\" aria-errormessage=\"wpforms-1261-field_12-error\" ><\/div><div id=\"wpforms-1261-field_17-container\" class=\"wpforms-field wpforms-field-text\" data-field-id=\"17\"><label class=\"wpforms-field-label\" for=\"wpforms-1261-field_17\">Grunderkrankungen oder Krankheitsereignis (Was? Wann?)<\/label><input type=\"text\" id=\"wpforms-1261-field_17\" class=\"wpforms-field-medium\" name=\"wpforms[fields][17]\" aria-errormessage=\"wpforms-1261-field_17-error\" ><\/div><div id=\"wpforms-1261-field_22-container\" class=\"wpforms-field wpforms-field-checkbox\" data-field-id=\"22\"><fieldset><legend class=\"wpforms-field-label\">Verordnung (&quot;Heilmittelverordnung&quot;) vom Arzt <span class=\"wpforms-required-label\" aria-hidden=\"true\">*<\/span><\/legend><ul id=\"wpforms-1261-field_22\" class=\"wpforms-field-required\"><li class=\"choice-1 depth-1\"><input type=\"checkbox\" id=\"wpforms-1261-field_22_1\" name=\"wpforms[fields][22][]\" value=\"Liegt bereits vor\" aria-errormessage=\"wpforms-1261-field_22_1-error\" required ><label class=\"wpforms-field-label-inline\" for=\"wpforms-1261-field_22_1\">Liegt bereits vor<\/label><\/li><li class=\"choice-2 depth-1\"><input type=\"checkbox\" id=\"wpforms-1261-field_22_2\" name=\"wpforms[fields][22][]\" value=\"Liegt noch nicht vor\" aria-errormessage=\"wpforms-1261-field_22_2-error\" required ><label class=\"wpforms-field-label-inline\" for=\"wpforms-1261-field_22_2\">Liegt noch nicht vor<\/label><\/li><li class=\"choice-3 depth-1\"><input type=\"checkbox\" id=\"wpforms-1261-field_22_3\" name=\"wpforms[fields][22][]\" value=\"Hausbesuch notwendig\" aria-errormessage=\"wpforms-1261-field_22_3-error\" required ><label class=\"wpforms-field-label-inline\" for=\"wpforms-1261-field_22_3\">Hausbesuch notwendig<\/label><\/li><\/ul><\/fieldset><\/div><div id=\"wpforms-1261-field_15-container\" class=\"wpforms-field wpforms-field-text\" data-field-id=\"15\"><label class=\"wpforms-field-label\" for=\"wpforms-1261-field_15\">Sonstige Anmerkungen<\/label><input type=\"text\" id=\"wpforms-1261-field_15\" class=\"wpforms-field-medium\" name=\"wpforms[fields][15]\" aria-errormessage=\"wpforms-1261-field_15-error\" ><\/div><script>\n\t\t\t\t( function() {\n\t\t\t\t\tconst style = document.createElement( 'style' );\n\t\t\t\t\tstyle.appendChild( document.createTextNode( '#wpforms-1261-field_3-container { position: absolute !important; overflow: hidden !important; display: inline !important; height: 1px !important; width: 1px !important; z-index: -1000 !important; padding: 0 !important; } #wpforms-1261-field_3-container input { visibility: hidden; } #wpforms-conversational-form-page #wpforms-1261-field_3-container label { counter-increment: none; }' ) );\n\t\t\t\t\tdocument.head.appendChild( style );\n\t\t\t\t\tdocument.currentScript?.remove();\n\t\t\t\t} )();\n\t\t\t<\/script><\/div><!-- .wpforms-field-container --><div class=\"wpforms-submit-container\" ><input type=\"hidden\" name=\"wpforms[id]\" value=\"1261\"><input type=\"hidden\" name=\"page_title\" value=\"\"><input type=\"hidden\" name=\"page_url\" value=\"https:\/\/freilassing-logopaedie.de\/index.php?rest_route=\/wp\/v2\/pages\/1259\"><input type=\"hidden\" name=\"url_referer\" value=\"\"><button type=\"submit\" name=\"wpforms[submit]\" id=\"wpforms-submit-1261\" class=\"wpforms-submit\" data-alt-text=\"Wird gesendet\u00a0\u2026\" data-submit-text=\"Absenden\" aria-live=\"assertive\" value=\"wpforms-submit\">Absenden<\/button><img loading=\"lazy\" decoding=\"async\" src=\"https:\/\/freilassing-logopaedie.de\/wp-content\/plugins\/wpforms-lite\/assets\/images\/submit-spin.svg\" class=\"wpforms-submit-spinner\" style=\"display: none;\" width=\"26\" height=\"26\" alt=\"Wird geladen\"><\/div><\/form><\/div>  <!-- .wpforms-container -->","protected":false},"excerpt":{"rendered":"","protected":false},"author":2,"featured_media":0,"parent":0,"menu_order":0,"comment_status":"closed","ping_status":"closed","template":"","meta":{"footnotes":""},"class_list":["post-1259","page","type-page","status-publish","hentry"],"_links":{"self":[{"href":"https:\/\/freilassing-logopaedie.de\/index.php?rest_route=\/wp\/v2\/pages\/1259","targetHints":{"allow":["GET"]}}],"collection":[{"href":"https:\/\/freilassing-logopaedie.de\/index.php?rest_route=\/wp\/v2\/pages"}],"about":[{"href":"https:\/\/freilassing-logopaedie.de\/index.php?rest_route=\/wp\/v2\/types\/page"}],"author":[{"embeddable":true,"href":"https:\/\/freilassing-logopaedie.de\/index.php?rest_route=\/wp\/v2\/users\/2"}],"replies":[{"embeddable":true,"href":"https:\/\/freilassing-logopaedie.de\/index.php?rest_route=%2Fwp%2Fv2%2Fcomments&post=1259"}],"version-history":[{"count":2,"href":"https:\/\/freilassing-logopaedie.de\/index.php?rest_route=\/wp\/v2\/pages\/1259\/revisions"}],"predecessor-version":[{"id":1271,"href":"https:\/\/freilassing-logopaedie.de\/index.php?rest_route=\/wp\/v2\/pages\/1259\/revisions\/1271"}],"wp:attachment":[{"href":"https:\/\/freilassing-logopaedie.de\/index.php?rest_route=%2Fwp%2Fv2%2Fmedia&parent=1259"}],"curies":[{"name":"wp","href":"https:\/\/api.w.org\/{rel}","templated":true}]}}